 What is the greatest common factor of l and 14?
7
Let b be (-1)/((-9)/6 - -1). Suppose -3*g = -2*c + 17 - 2, -b*c + 30 = 2*g. Let d be (-8)/44 + (-3000)/(-165). Calculate the highest common factor of c and d.
6
Let m be (-40)/3*((-30)/50 + -3). Let r = 126 - m. Calculate the highest common divisor of 26 and r.
26
Suppose 7500 = 81*a + 44*a. Calculate the highest common divisor of 3495 and a.
15
Let j(r) = r**3 + 41*r**2 + 75*r + 51. Let b be j(-39). What is the highest common divisor of b and 686?
14
Suppose -139*c + 141*c = 8, -c = 5*d - 69. What is the greatest common divisor of 2353 and d?
13
Let r be 0/(-4) - (-2 + 0). Suppose -4*z = -r - 6. Suppose -z*p = q - 0*q - 24, 3*q = 2*p + 56. Calculate the highest common factor of 40 and q.
20
Let d be (-6 - -25) + (-20)/5. Let u(n) = n**3 - 8*n**2 - 13*n - 10. Let j be u(10). What is the greatest common factor of j and d?
15
Let d be (-9)/(-6)*4 + -4. Suppose -2*f - 3*w = -5*f, 12 = -d*f + 5*w. Let h be (-1)/((-21)/951) + f/(-14). What is the greatest common factor of 495 and h?
45
Let r(m) = 100*m - 5888. Let u be r(62). Calculate the highest common factor of 360 and u.
24
Suppose -9 = -3*l, -4042 = -2*k + 6*l + 478. What is the highest common factor of 1 and k?
1
Let c(a) = a**2 + 7*a + 10. Let u be c(-8). Let z be 2/(-3) - (-12)/u. Suppose z*g + 2*g - 128 = 0. Calculate the highest common factor of 8 and g.
8
Let x = -326 - -436. Suppose 3*b - 12 = -0. Suppose 2*l - 4*l + x = b*h, 4*l + 2*h = 202. What is the greatest common divisor of 98 and l?
49
Let o(m) = 142*m**2 + 13*m - 56. Let d be o(4). What is the greatest common divisor of 28 and d?
28
Let j be (-3)/9 - (-73)/3. Suppose -g = 2*t - 244 + 174, g = -2*g - 6. What is the highest common factor of j and t?
12
Let m(y) = -2*y**3 - 5*y**2 - 11*y - 4. Let z be m(-3). What is the greatest common divisor of z and 152?
38
Suppose 5*r - 5*r + 135256 = 4*r. What is the highest common factor of 11 and r?
11
Let t be (5/(-25) - -3) + -3 + (-7368)/(-40). What is the highest common factor of 851 and t?
23
Let v be (42/(-9))/(35/(-1440)). What is the greatest common divisor of v and 72?
24
Let t = -279 + 281. Suppose -5*a = p - 37, 36 = t*p - 5*a - 8. What is the highest common divisor of 108 and p?
27
Suppose -f - 2*n = 3*f - 1862, -5*f + 2*n + 2350 = 0. Let h(d) = 2*d**2 + 70*d - 453. Let j be h(-41). Calculate the greatest common factor of f and j.
39
Let a be 114/18 + 10/15. Suppose 6*w + 90 = a*w. Let v be (30/4)/(6/180). Calculate the highest common factor of w and v.
45
Let l be (10/(-3))/((-32)/48). Suppose 8*g = 69 - l. Let r = 25 - g. What is the greatest common divisor of r and 136?
17
Suppose -3*z = -6 - 3. Let j(p) = -p**z + 7*p + 0*p + 4*p**2 - 1 - 8*p. Let r be j(3). Calculate the greatest common divisor of 80 and r.
5
Let o be (-144 - -284) + 1*(-3 - -2). Calculate the greatest common factor of 7089 and o.
139
Suppose 5*w + 131 = 6. Let r = 95 + w. Suppose 4*s - 4 = 0, -30 = -2*x + s + 25. Calculate the highest common divisor of r and x.
14
Let o be (-2)/5 - ((-30912)/35)/8. Let l = -71 + o. Let i = l - 22. What is the greatest common factor of 119 and i?
17
Let z = 1136 - 965. What is the greatest common factor of z and 81?
9
Let z be (555/(-6))/1*343460/(-650). Calculate the greatest common factor of 37 and z.
37
Let s be (-16)/((-66)/(-60) + -1). Let y = -148 - s. Calculate the highest common divisor of 168 and y.
12
Let s(i) = 3*i**3 + 24*i**2 - 76*i - 336. Let t be s(-8). Calculate the highest common divisor of 64 and t.
16
Suppose -5*i + 3582 = 4*w, -2*w + 1800 = 22*i - 18*i. What is the highest common divisor of 42 and w?
6
Suppose -2*a = -5*d - 363, -2*a = 3*d - 144 - 227. Suppose 2*j - 5*j = -5*c - 78, 5*j - 2*c - 92 = 0. What is the highest common divisor of a and j?
8
Let r(b) = 30 + 2*b + 13*b**2 - 7*b**2 - 5*b. Let u be r(-6). Suppose -9*t = 2*t - u. What is the highest common divisor of t and 24?
24
Let c = 44 - 20. Let k = -14 + c. Let q be 2/(-1)*-9*56/126 + 60/(-15). Calculate the highest common divisor of q and k.
2
Suppose -29 = -g - 2*z, -73 = -5*g + 3*g - z. Let r(n) = 2*n**2 + 34*n - 18. Let w be r(-17). Let s = 21 + w. What is the greatest common factor of g and s?
3
Let g(o) = -4*o + 23. Let m be g(5). Suppose s + 1 = 3. Suppose 1200 = m*z + s*z. What is the highest common factor of z and 30?
30
Let p(r) = 16*r + 46. Let u be p(15). Let t = 307 - u. Calculate the greatest common factor of t and 336.
21
Suppose 0 = 19*u - 33*u + 11*u - 3, -4*c = -3*u - 191. Suppose -2576 = -5*y + 1184. Calculate the greatest common factor of y and c.
47
Let k(b) = -b**2 - 9*b + 254. Let n be k(12). Calculate the highest common divisor of n and 2182.
2
Suppose 0*k + 6*k = 156. Let u(g) = g + 38. Let o be u(k). What is the greatest common factor of o and 48?
16
Let o(s) = -6*s**3 + 8*s**2 - 7*s - 7. Let x be o(4). Let m = -269 - x. Calculate the highest common divisor of m and 176.
22
Let q = 8212 - 5854. Calculate the highest common divisor of q and 36.
18
Let d(v) = v**3 - 4*v**2 - v + 13. Let x be d(5). Suppose x*i = 30*i + 39. What is the greatest common divisor of 377 and i?
13
Suppose 261*x - 3528 = 240*x. Suppose 3*c - f - 187 = -2*f, -191 = -3*c + f. Calculate the greatest common factor of x and c.
21
Suppose 3223 = 5*w - 792. Let y = w - 723. What is the greatest common factor of 64 and y?
16
Let u be 1176/(-2548) - (-578)/13. What is the highest common factor of u and 3674?
22
Let x(v) be the third derivative of 2*v**4/3 - 15*v**3/2 + 68*v**2. Let d be x(3). Calculate the highest common factor of d and 48.
3
Let h = 6553 + 1419. What is the greatest common factor of h and 4?
4
Let x(n) = -n**3 + 10*n**2 + 64*n - 384. Let o be x(6). What is the highest common factor of o and 336?
48
Let i be (28 + -1 + -1)/1. Let h = 48 - i. Let z = 40 - h. What is the greatest common factor of z and 126?
18
Suppose -33 + 39 = 6*y - 66. What is the greatest common factor of 1530 and y?
6
Let p(b) = 223*b - 5332. Let k be p(24). What is the greatest common divisor of k and 1290?
10
Let w be (-32)/(-10)*(-200)/16 - -1. Let m = w - -32. Let j(o) = 2*o**2 - 2*o - 16. Let p be j(m). What is the highest common divisor of 64 and p?
32
Suppose 12 - 2 = -w. Let s be w/8*(-15 + 3). What is the highest common divisor of s and 45?
15
Suppose 496 = 4*r + 2*j, -617 = -5*r - 2*j - 2*j. Let i = r - 120. What is the greatest common divisor of i and 10?
5
Let t(b) = b**2 - 182*b + 6945. Let r be t(129). Let v(f) = 19*f - 4. Let o be v(4). What is the greatest common factor of o and r?
36
Let i = -15816 - -23068. Suppose 20*c = -17*c + i. Calculate the greatest common factor of c and 56.
28
Let o be 2 + 175/75 + ((-14)/6 - -2). Calculate the highest common factor of 212 and o.
4
Suppose 443*c + 85360 = 498*c. Calculate the greatest common divisor of 1067 and c.
97
Let r be (-4)/18 - (-654)/27. Let p be 106/(-22) + 4/(-22) + 2. Let m be ((-35)/p - 1)/((-72)/(-108)). Calculate the greatest common divisor of r and m.
8
Suppose -3*b = 4*a - 151 - 44, -4*a = 5*b - 205. Let l(w) = 1031*w + 28. Let y be l(-1). Let n = y - -1048. Calculate the highest common divisor of n and a.
45
Let a = 24183 - 24071. Calculate the greatest common divisor of a and 6016.
16
Let z(b) = -b**2 - 9*b - 6. Let g be z(-8). Suppose 1 = -w + 2*q + 7, -13 = -2*w + 5*q. Suppose -w*r + 2*r = -20. What is the highest common divisor of g and r?
2
Let u = -163 + 158. Let r = u - -175. Calculate the greatest common divisor of 10 and r.
10
Suppose -368*o + 38730 = -286582. Let v be 68 + (0 - 3 - -3). What is the highest common factor of o and v?
68
Let k(j) = -3*j**2 - 36*j + 7. Let z be k(-7). Let h be (-2397)/(-21) - (-4)/z*-4. Calculate the greatest common divisor of 76 and h.
38
Suppose 48*i - 2324 = 41*i. Suppose 4*n + 0*p = 4*p - 340, -4*n - i = -2*p. Let d = -70 - n. Calculate the greatest common factor of 121 and d.
11
Let v = -3084 - -3092. Calculate the greatest common factor of 11488 and v.
8
Let g be (-25)/((-175)/56) - -369. What is the highest common divisor of 290 and g?
29
Let s be (-2 - (3 - 3)) + -1. Let a be -10*(s + 2 - 0). Suppose 0 = -n - 2*p - 4, 0*n - n + 4*p + 14 = 0. Calculate the greatest common divisor of a and n.
2
Let l(f) = -f**2 - 4*f + 4. Let o be 10 + (-9)/